Suppose 5*s - 2*g - 10767 = 0, -3*g - 5087 = -2*s - 778. Is s a composite number?
False
Suppose -4*l = -3*f - 14588, -2*f = 2*f. Is l a prime number?
False
Suppose -2*c - 3 + 1 = 0. Let j be (-4)/(-2)*c + 0. Is 3/j*88/(-6) composite?
True
Let h(s) be the second derivative of s**7/2520 + s**6/144 - 13*s**5/120 + s**4/4 + 4*s. Let l(r) be the third derivative of h(r). Is l(-11) prime?
True
Is (1 - (-2)/(-3))*267/1 a composite number?
False
Let q(f) = -f**2 - f - 8. Let m be q(7). Let a = 113 + m. Is a composite?
True
Is 12155/99 - ((-25)/(-9) - 3) a composite number?
True
Is (-4 - -17)/(-1 + 2) prime?
True
Is (228/(4 + -1))/2 composite?
True
Suppose -186 = -2*t + 2*y - 70, 5*t + 3*y = 322. Suppose -3*o + o = -t. Is o a prime number?
True
Let w = -6 + 48. Let v = 77 - w. Is v prime?
False
Let z(a) = 48*a**2 + 3*a - 4. Suppose 8 = -2*c - 2*o - 6, 2*o = -4*c - 22. Let n be z(c). Suppose -5*h - 979 = -4*k, 4*k - n = -4*h + 272. Is k composite?
False
Let f = 31 - 0. Is f a prime number?
True
Let v be ((-9)/(-3))/(1/3). Let n(j) = -j**2 + 20*j + 7. Let k be n(v). Suppose -c = c - k. Is c composite?
False
Let p(z) = -z**2 + 3*z. Let c be p(3). Suppose c = -3*k - k + 60. Is k a composite number?
True
Let b(u) = -52*u**3 - u**2 + 3*u + 1. Is b(-2) a composite number?
True
Suppose k + 5*h = 2*k - 13, 4 = -2*k - 5*h. Let d be 2 - ((-6)/k + -36). Suppose -5*a = -5 - d. Is a composite?
True
Suppose -7*l + 20 = -2*l, -2*n - 4*l = 0. Let s = 27 + n. Is s a composite number?
False
Let s = -162 + 416. Let f = -166 + s. Let b = f - 57. Is b a prime number?
True
Let t(c) = -103*c + 12. Is t(-9) a composite number?
True
Suppose -2*p + 1270 = -0*p + 2*g, -4*p - 5*g + 2544 = 0. Suppose -p = -j + 2*j. Let d = -300 - j. Is d a prime number?
True
Let r be 5*(-2 + (-8)/(-10)). Let d = 52 + r. Is d composite?
True
Let u be (-2)/(-13) + 2718/78. Let j = u + -17. Suppose 0*o - o = -2*w - j, -5*w = o + 10. Is o a composite number?
True
Let c = 3 - 1. Suppose c*t - 3*l - 5 = 15, 5*l + 40 = 4*t. Is t a prime number?
False
Suppose 2*r = -3*g - 2 - 1, -g - 1 = -r. Let y be (-2 - -1)/(g/7). Suppose -3*a - 24 = -y*a. Is a prime?
False
Let l = -632 + 891. Is l a composite number?
True
Suppose 4 = 2*q + 5*k - 1, -2 = 5*q - 2*k. Suppose -2*o + 515 = 3*v, 5*o + v + q*v - 1294 = 0. Is o prime?
False
Let p = 6 + -4. Let l = 3 + p. Suppose -5*w - l*v = -135, w + 42 = 2*w + 4*v. Is w a prime number?
False
Let t be 2*(129/6 + 2). Suppose -2 = 5*c - t. Is c prime?
False
Suppose 9*q - 2270 = 4*q. Is q a prime number?
False
Suppose 2*m + 10 = p - 7, -49 = -2*p - m. Is p a composite number?
False
Let v be 2/8 - (-21)/12. Suppose -v*i = 12 - 48. Suppose x - 5 - i = -a, -113 = -5*x - 4*a. Is x composite?
True
Let r(b) = 3*b**2 - 2*b + 11. Is r(8) prime?
False
Let g = 48 + 441. Is g a composite number?
True
Let r(i) be the second derivative of -i**5/20 - i**4/6 + 7*i**3/6 + 5*i**2/2 + 3*i. Let b(x) = -x**2 + x + 2. Let v be b(-2). Is r(v) a composite number?
True
Is ((16163/14)/1)/((-2)/(-4)) prime?
True
Let z(k) = 372*k**2 + 11*k + 15. Is z(-4) a prime number?
True
Let c = -5 - -8. Let o = 15 - c. Let v = 21 - o. Is v a composite number?
True
Suppose 3*h = 2*u + h - 252, -262 = -2*u - 3*h. Suppose 0 = -5*n + u + 27. Is n a composite number?
False
Suppose 0*a - 8*a = -7112. Is a composite?
True
Let m(n) = n**2 + 7*n - 8. Let z(y) = -y**2 - 4*y + 5. Let h be z(-6). Let r be m(h). Is (-3 - -11)*(-14)/r a prime number?
False
Suppose -j = -3*t + 3, 6 = 3*t + 4*j - 6*j. Let o = t + 0. Suppose -5*m + 74 + 21 = o. Is m a prime number?
True
Is 354/(-12)*(-3)/((-3)/(-14)) prime?
False
Let o(i) = -2*i + 8*i + 2*i - 2 + i**2. Is o(-11) composite?
False
Let k be (-6)/12 + 10/4. Let g(o) = k*o**2 + o - 4*o - 3*o**3 + o**2 - 4. Is g(-3) a composite number?
False
Let w = -74 - 22. Let y = 171 + w. Suppose q + 20 = y. Is q a prime number?
False
Suppose 1 = -4*o + 5*o, 74 = 5*j - o. Let s = j - 12. Is s composite?
False
Suppose 0 = 4*o + 5*i + 1155, 3*o - 3*i + 874 = i. Let s = -106 - o. Let z = s - 35. Is z prime?
True
Let g be (-8)/(-16) - (-690)/4. Suppose -g = -2*s + 143. Is s prime?
False
Let z(v) be the first derivative of -1/4*v**4 - 1/2*v**2 + 1 - 2/3*v**3 + 3*v. Is z(-5) prime?
True
Let h be (5 - 6)*(-1 - 2). Suppose l = -3*t + 311, 0 = 2*t + 1 + h. Is (-4)/18 - l/(-9) composite?
True
Let f(k) = -3*k**3 - 4*k**2 + 2*k + 4. Let b be f(-3). Let a = 13 - 8. Suppose 4*v = 5*c + 31 + 3, a*c - b = -3*v. Is v a prime number?
True
Suppose 0 = i - 3, -6 = 3*h + i - 6*i. Is h prime?
True
Let l = 11 + -7. Let w = l + -3. Is (-78)/(-8) - w/(-4) prime?
False
Let q be (24/10)/(8/20). Let u be 5 - -4*(-3)/q. Suppose 20 = i + 4*i, -34 = -2*w - u*i. Is w a composite number?
False
Let q(m) be the first derivative of m**3/3 + m**2 + 2*m + 1. Let i be (14/(-8))/((-2)/(-8)). Is q(i) a composite number?
False
Suppose -160 = -3*z + 104. Suppose -2*h = 10 - z. Is h prime?
False
Suppose 6*s = 5*s + 230. Suppose -s = -2*t - 0*t. Is t a composite number?
True
Let v(l) = 4*l - 5. Let r be v(2). Suppose -754 = -4*d + 2*c, -r*c + 13 = -2. Is d prime?
True
Let v be (1/1 - 1)/(-2). Let j(a) = a**3 - a**2 + 649. Is j(v) a prime number?
False
Suppose 3*w - 9 = -p, -3*p - 1 = -5*w - 0*p. Let y = 5 - w. Is y a composite number?
False
Suppose 0 = 2*f - 193 - 69. Let k = -78 + f. Is k composite?
False
Let k(j) be the third derivative of 4*j**5/15 + 7*j**4/24 + j**3 - 9*j**2. Is k(-5) composite?
True
Let t = 929 - 598. Is t prime?
True
Let v(m) = -m**3 - 7*m**2 - 7*m - 3. Let b be v(-6). Suppose 2*d - 23 = -3*p + 4*p, -3*d = b*p + 114. Is -2 - -4 - (p + 0) a prime number?
False
Is 36045/25 - 3 - (-2)/10 a composite number?
False
Let o(f) = -197*f**3 + f. Let c be o(1). Let h = -93 - c. Is h a composite number?
False
Let h be 1*2/4*(1 - -549). Let i(r) = r**3 - 6*r**2 - r + 8. Let n be i(6). Suppose n*x = -3*x + h. Is x prime?
False
Let x be 2 - (0 + 2 - 2). Suppose -63 = -w - x*b, 0 = -4*w + b - 3*b + 234. Is w a composite number?
True
Let d = -13 - -159. Let t = 205 - d. Is t prime?
True
Let s(w) be the first derivative of -19/2*w**2 - 3 - w. Is s(-2) a prime number?
True
Let f(a) = 17*a**2 + 5*a + 1. Let g(t) = -t**3 + 2*t**2 + 5*t - 2. Let r be g(3). Is f(r) a composite number?
False
Let p(h) = -2*h**3 - 2*h - 1. Let n be 0 - (0 + 1)*-4. Suppose -2*k - 4*a = -n, -4*a - 6 = -7*a. Is p(k) a composite number?
False
Suppose -4*w - a + 0*a + 151 = 0, -w - 2*a = -36. Is w prime?
False
Let l(a) = 5*a**2 + 7*a - 8. Is l(6) composite?
True
Suppose -4*q = -0*q - 4*n - 92, 6 = -3*n. Suppose -2*o + 3*o + 3*k = q, 4*o = 3*k + 39. Suppose 2*y = -2*r + o, 5 = -3*y - 10. Is r composite?
False
Let d be (7/(-4))/((-1)/64). Let g = -66 + d. Is g a prime number?
False
Suppose 0 = 4*u - 2*u + 12. Let w be (-4)/u + 39/9. Suppose -i + w*l - 2 = -17, -i + 31 = -l. Is i a prime number?
False
Suppose n - 11 = -5*m, -4*n - 4*m + 3*m = -25. Let o = -8 + n. Is o/(-1)*(-1 + 8) composite?
True
Suppose 0 = y - 4*y - 6. Let i be -7 + (1 - -2) - y. Is 2*(-1)/i*293 a composite number?
False
Let n(c) = -c**2 + c + 6. Let l be n(8). Let g = 33 - l. Is g prime?
True
Suppose -3*m = -3*v + 372, 2*v + 3*m = 273 - 10. Is v composite?
False
Let k(j) = 210*j - 13. Is k(2) a prime number?
False
Let c be ((-1)/4)/((-3)/24). Suppose 7*m + h - 260 = 2*m, 0 = m - c*h - 63. Is m a prime number?
True
Suppose o = -82 + 345. Suppose 3*q + 32 = o. Is q a composite number?
True
Let k be (-4)/(-1 - -2 - 3). Suppose 3*t - 597 = k*j, -4*t - 5*j + 796 = -0*j. Is t a prime number?
True
Let t = -3 + 68. Let n = 121 + t. Let w = -59 + n. Is w prime?
True
Suppose -8902 = -13*q + 445. Is q a composite number?
False
Let w(i) = -1 + 13*i + 3 - 7. Is w(4) a composite number?
False
Suppose -2*c - 5*y = -701, 4*c - 775 = -4*y + 645. Let x = c + 13. Is x composite?
True
Let d = 12 + -14. Is 1/d + (-93)/(-2) composite?
True
Let b be (3/(-9))/(3/(-18)). Suppose s = -b*s - 15, -s = -5*q + 1020. Is q composite?
True
Let m(p) = p**2 - p - 5. Is m(7) prime?
True
Let s be -1 - -1*1*11. Let c(t) = t**3 - 13*t**2 + 13*t - 11. Let d be c(12). Let u = s + d. Is u composite?
False
Let n(t) = 3*t**2 - 8*t + 4. Suppose -s + 2*s - 5*g = 17, -2*s + g = -16. Is n(s) a composite number?
True
Let l(o) = o**2 + 2*o. Let g 